{"id":7,"date":"2016-01-11T13:08:14","date_gmt":"2016-01-11T13:08:14","guid":{"rendered":"http:\/\/www.casacristao.com\/?page_id=7"},"modified":"2016-01-14T14:44:21","modified_gmt":"2016-01-14T14:44:21","slug":"historialformacoes","status":"publish","type":"page","link":"https:\/\/www.casacristao.com\/?page_id=7","title":{"rendered":"Historial\/Forma\u00e7\u00f5es"},"content":{"rendered":"<div id=\"pl-7\"  class=\"panel-layout\" ><div id=\"pg-7-0\"  class=\"panel-grid panel-no-style\" ><div id=\"pgc-7-0-0\"  class=\"panel-grid-cell\" ><div id=\"panel-7-0-0-0\" class=\"so-panel widget widget_sow-editor panel-first-child panel-last-child\" data-index=\"0\" ><div\n\t\t\t\n\t\t\tclass=\"so-widget-sow-editor so-widget-sow-editor-base\"\n\t\t\t\n\t\t>\n<div class=\"siteorigin-widget-tinymce textwidget\">\n\t<p>S\u00f3cia fundadora da Associa\u00e7\u00e3o dos Agentes Funer\u00e1rios de Portugal<\/p>\n<p>\u00a0<\/p>\n<p>\u00a0<\/p>\n<p><strong>Transpar\u00eancia e Honestidade\u2026<\/strong><\/p>\n<p>Fundada em 1940, por Jos\u00e9 Maria Crist\u00e3o, esta funer\u00e1ria de cr\u00e9ditos firmados assume actualmente uma posi\u00e7\u00e3o destacada no concelho, tornando-a numa das mais conceituadas funer\u00e1rias de Vila Nova de Gaia.<\/p>\n<p>Em 1974 deixou o seu sonho entregue a seu filho, Ant\u00f3nio Alberto da Silva Crist\u00e3o (actual administrador). Acreditando que o seu trabalho \u00e9 uma miss\u00e3o, auxiliando uma fam\u00edlia durante o tempo mais dif\u00edcil, alargou o sonho de seu pai, criando A Funer\u00e1ria de Avintes, Lda. em 1977 e mais tarde em 1990 A Funer\u00e1ria de Pa\u00e7os de Brand\u00e3o, Lda., que em conjunto formam o \u201c Grupo Casa Crist\u00e3o\u201d.<\/p>\n<p>Devido ao crescimento do Grupo e sendo esta, uma actividade que tem passado de gera\u00e7\u00e3o em gera\u00e7\u00e3o, Ant\u00f3nio Crist\u00e3o, tem ao lado seu filho V\u00edtor Crist\u00e3o, neste projecto que engloba tr\u00eas funer\u00e1rias, trazendo novas ideias e uma vis\u00e3o mais ampla da actividade.<\/p>\n<p>Um dos grandes objectivos desta ag\u00eancia \u00e9 manter o lema \u00abtradi\u00e7\u00e3o e confian\u00e7a\u00bb e continuar assegurar a sua qualifica\u00e7\u00e3o, distinguindo-se assim, pela maneira personalizada de lidar com os seus clientes, preocupando-se e carinhosamente tentando satisfazer os seus pedidos com a honestidade que os caracteriza, independentemente de usos, tradi\u00e7\u00f5es ou prefer\u00eancias que possam ter.<\/p>\n<p>\u00a0<\/p>\n<p><strong>*** Forma\u00e7\u00f5es***<\/strong><\/p>\n<p><strong>* Curso Cientifico Tecnol\u00f3gico de Contabilidade e Gest\u00e3o<\/strong><br \/> <strong> * Curso de Ofim\u00e1tica para Funer\u00e1rias<\/strong><br \/> <strong> * Curso de Ofim\u00e1tica para Funer\u00e1rias - N\u00edvel 2<\/strong><br \/> <strong> * Curso de Tanatopraxia<\/strong><br \/> <strong> * Curso de Organiza\u00e7\u00e3o e Gest\u00e3o de Empresas Funer\u00e1rias<\/strong><br \/> <strong> * Curso de Director T\u00e9cnico<\/strong><\/p>\n<p>\u00a0<\/p>\n<p>\u00a0<\/p>\n<p>Este \u00e9 um Grupo credenciado,<br \/> com provas dadas,<br \/> ao longo dos seus muitos anos de experi\u00eancia\u2026<\/p>\n<p>\u00a0<\/p>\n<p>\u00a0<\/p>\n<p>\u00a0<\/p>\n<p>\u00a0<\/p>\n<p>\u00a0<\/p>\n<\/div>\n<\/div><\/div><\/div><\/div><div id=\"pg-7-1\"  class=\"panel-grid panel-no-style\" ><div id=\"pgc-7-1-0\"  class=\"panel-grid-cell\" ><div id=\"panel-7-1-0-0\" class=\"so-panel widget widget_sow-editor panel-first-child panel-last-child\" data-index=\"1\" ><div\n\t\t\t\n\t\t\tclass=\"so-widget-sow-editor so-widget-sow-editor-base\"\n\t\t\t\n\t\t>\n<div class=\"siteorigin-widget-tinymce textwidget\">\n\t<p>\u00a0<\/p>\n<hr \/>\n<p style=\"text-align: center;\">Casa Crist\u00e3o - Ag\u00eancias Funerarias...desde 1940, a bem servir!<\/p>\n<\/div>\n<\/div><\/div><\/div><\/div><\/div>","protected":false},"excerpt":{"rendered":"<p>S\u00f3cia fundadora da Associa\u00e7\u00e3o dos Agentes Funer\u00e1rios de Portugal\u00a0\u00a0Transpar\u00eancia e Honestidade\u2026Fundada em 1940, por Jos\u00e9 Maria Crist\u00e3o, esta funer\u00e1ria de cr\u00e9ditos firmados assume actualmente uma posi\u00e7\u00e3o destacada no concelho, tornando-a numa das mais conceituadas funer\u00e1rias de Vila Nova de Gaia.Em 1974 deixou o seu sonho entregue a seu filho, Ant\u00f3nio Alberto da Silva Crist\u00e3o (actual&#8230; <\/p>\n<div class=\"read-more navbutton\"><a href=\"https:\/\/www.casacristao.com\/?page_id=7\">Read More<i class=\"fa fa-angle-double-right\"><\/i><\/a><\/div>\n<p>&#8230; <\/p>\n<div class=\"read-more navbutton\"><a href=\"https:\/\/www.casacristao.com\/?page_id=7\">Read More<i class=\"fa fa-angle-double-right\"><\/i><\/a><\/div>\n","protected":false},"author":1,"featured_media":0,"parent":0,"menu_order":0,"comment_status":"closed","ping_status":"closed","template":"page-templates\/full-width.php","meta":{"footnotes":""},"class_list":["post-7","page","type-page","status-publish","hentry"],"_links":{"self":[{"href":"https:\/\/www.casacristao.com\/index.php?rest_route=\/wp\/v2\/pages\/7","targetHints":{"allow":["GET"]}}],"collection":[{"href":"https:\/\/www.casacristao.com\/index.php?rest_route=\/wp\/v2\/pages"}],"about":[{"href":"https:\/\/www.casacristao.com\/index.php?rest_route=\/wp\/v2\/types\/page"}],"author":[{"embeddable":true,"href":"https:\/\/www.casacristao.com\/index.php?rest_route=\/wp\/v2\/users\/1"}],"replies":[{"embeddable":true,"href":"https:\/\/www.casacristao.com\/index.php?rest_route=%2Fwp%2Fv2%2Fcomments&post=7"}],"version-history":[{"count":6,"href":"https:\/\/www.casacristao.com\/index.php?rest_route=\/wp\/v2\/pages\/7\/revisions"}],"predecessor-version":[{"id":88,"href":"https:\/\/www.casacristao.com\/index.php?rest_route=\/wp\/v2\/pages\/7\/revisions\/88"}],"wp:attachment":[{"href":"https:\/\/www.casacristao.com\/index.php?rest_route=%2Fwp%2Fv2%2Fmedia&parent=7"}],"curies":[{"name":"wp","href":"https:\/\/api.w.org\/{rel}","templated":true}]}}