{"id":2,"date":"2016-01-08T18:39:23","date_gmt":"2016-01-08T18:39:23","guid":{"rendered":"http:\/\/www.casacristao.com\/?page_id=2"},"modified":"2016-01-14T14:46:58","modified_gmt":"2016-01-14T14:46:58","slug":"sample-page","status":"publish","type":"page","link":"https:\/\/www.casacristao.com\/?page_id=2","title":{"rendered":"Servi\u00e7os"},"content":{"rendered":"<div id=\"pl-2\"  class=\"panel-layout\" ><div id=\"pg-2-0\"  class=\"panel-grid panel-no-style\" ><div id=\"pgc-2-0-0\"  class=\"panel-grid-cell\" ><div id=\"panel-2-0-0-0\" class=\"so-panel widget widget_sow-editor panel-first-child panel-last-child\" data-index=\"0\" ><div\n\t\t\t\n\t\t\tclass=\"so-widget-sow-editor so-widget-sow-editor-base\"\n\t\t\t\n\t\t>\n<div class=\"siteorigin-widget-tinymce textwidget\">\n\t<p style=\"text-align: center;\"><strong><span style=\"text-decoration: underline;\">* Funerais, crema\u00e7\u00f5es, traslada\u00e7\u00f5es e exuma\u00e7\u00f5es<\/span><\/strong><\/p>\n<p>Realizamos todo o tipo de funerais: funerais sociais, econ\u00f3micos e de alta qualidade.<\/p>\n<p style=\"text-align: center;\"><span style=\"text-decoration: underline;\"><strong>* Ve\u00edculos exclusivos<\/strong><\/span><\/p>\n<p>A Casa Crist\u00e3o renova continuamente a sua frota de ve\u00edculos, possuindo desde o ve\u00edculo mais cl\u00e1ssico e tradicional ao mais moderno e inovador. Caso n\u00e3o tenha viatura pr\u00f3pria, pode tamb\u00e9m requisitar as nossas viaturas de acompanhamento, adquiridas para criar a maior comodidade e conforto poss\u00edvel ao nosso cliente.<\/p>\n<p style=\"text-align: center;\"><span style=\"text-decoration: underline;\"><strong>* Atendimento Personalizado<\/strong><\/span><\/p>\n<p>Atendimento 24 horas por t\u00e9cnicos especializados que dominam v\u00e1rios idiomas, dando todo o apoio necess\u00e1rio no processo burocr\u00e1tico da documenta\u00e7\u00e3o necess\u00e1ria.<\/p>\n<p style=\"text-align: center;\"><span style=\"text-decoration: underline;\"><strong>* Forma\u00e7\u00e3o Profissional<\/strong><\/span><\/p>\n<p>\u00c9 uma das mais valias deste Grupo no que engloba a prepara\u00e7\u00e3o do cad\u00e1ver (tanoest\u00e9tica e tanatopraxia). Isto permite-nos restituir ao corpo do falecido a imagem que o mesmo tinha em vida e bem assim garantir a melhor conserva\u00e7\u00e3o e apresenta\u00e7\u00e3o durante o per\u00edodo do vel\u00f3rio ate a conclus\u00e3o do servi\u00e7o.<\/p>\n<p style=\"text-align: center;\"><span style=\"text-decoration: underline;\"><strong>* Apoio Psicol\u00f3gico<\/strong><\/span><\/p>\n<p>A Casa Crist\u00e3o conta com v\u00e1rios psic\u00f3logos formados e especializados no que diz respeito a psicologia do luto, isto faz com que os nossos clientes possam ser acompanhados de forma profissional.<\/p>\n<p style=\"text-align: center;\"><strong><span style=\"text-decoration: underline;\">* Musica no vel\u00f3rio e funeral<\/span><\/strong><\/p>\n<p>Disponibilizamos varias formas para que o nosso cliente possa homenagear o seu ente querido, enaltecendo os momentos mais importantes da cerim\u00f3nia f\u00fanebre. (ex.: violino, harpa, voz, quarteto,...)<\/p>\n<p style=\"text-align: center;\"><strong><span style=\"text-decoration: underline;\">* Servi\u00e7o de Catering<\/span><\/strong><\/p>\n<p>Para que n\u00e3o tenha de se ausentar do vel\u00f3rio, colocamos a disposi\u00e7\u00e3o v\u00e1rios tipos de catering. Damos como exemplo o servi\u00e7o de \u00e1gua, caf\u00e9 e ch\u00e1, isto sempre com a devida autoriza\u00e7\u00e3o das entidades competentes pela administra\u00e7\u00e3o das referidas capelas e sempre que seja solicitado.<\/p>\n<p style=\"text-align: center;\"><strong><span style=\"text-decoration: underline;\">* Reportagem v\u00eddeo\/fotogr\u00e1fica<\/span><\/strong><\/p>\n<p>Este servi\u00e7o consiste no registo tanto em v\u00eddeo como em fotografia de todos os passos e momentos do servi\u00e7o f\u00fanebre, desde o velamento ate a consequente inuma\u00e7\u00e3o.<\/p>\n<p style=\"text-align: center;\"><span style=\"text-decoration: underline;\"><strong>* Servi\u00e7o Floral<\/strong><\/span><\/p>\n<p>Colocamos a disposi\u00e7\u00e3o de todos os nossos clientes, um servi\u00e7o de florista experiente, o qual disp\u00f5e de todo o tipo de flores, para todo o tipo de ocasi\u00f5es.<\/p>\n<p style=\"text-align: center;\"><strong><span style=\"text-decoration: underline;\">* Contratos em vida<\/span><\/strong><\/p>\n<p>Celebramos contratos em vida de forma profissional e transparente.<\/p>\n<p style=\"text-align: center;\"><span style=\"text-decoration: underline;\"><strong>* Associa\u00e7\u00e3o de Socorros M\u00fatuos, Seguran\u00e7a Social e C. G. Aposenta\u00e7\u00f5es<\/strong><\/span><\/p>\n<p>Auxiliamos gratuitamente e integralmente em todos os processos de associa\u00e7\u00f5es, seguran\u00e7a social e caixa geral de aposenta\u00e7\u00f5es, para que possa obter todas as regalias sociais a que tem direito.<\/p>\n<p style=\"text-align: center;\"><strong><span style=\"text-decoration: underline;\">* Servi\u00e7o Internacional<\/span><\/strong><\/p>\n<p>Repatriamento de corpos e cinzas para qualquer parte do mundo.<\/p>\n<p>\u00a0<\/p>\n<p>\u00a0<\/p>\n<p>\u00a0<\/p>\n<\/div>\n<\/div><\/div><\/div><\/div><div id=\"pg-2-1\"  class=\"panel-grid panel-no-style\" ><div id=\"pgc-2-1-0\"  class=\"panel-grid-cell\" ><div id=\"panel-2-1-0-0\" class=\"so-panel widget widget_sow-editor panel-first-child panel-last-child\" data-index=\"1\" ><div\n\t\t\t\n\t\t\tclass=\"so-widget-sow-editor so-widget-sow-editor-base\"\n\t\t\t\n\t\t>\n<div class=\"siteorigin-widget-tinymce textwidget\">\n\t<hr \/>\n<p>\u00a0<\/p>\n<p style=\"text-align: center;\">Casa Crist\u00e3o - Ag\u00eancias Funerarias...desde 1940, a bem servir!<\/p>\n<\/div>\n<\/div><\/div><\/div><\/div><\/div>","protected":false},"excerpt":{"rendered":"<p>* Funerais, crema\u00e7\u00f5es, traslada\u00e7\u00f5es e exuma\u00e7\u00f5esRealizamos todo o tipo de funerais: funerais sociais, econ\u00f3micos e de alta qualidade.* Ve\u00edculos exclusivosA Casa Crist\u00e3o renova continuamente a sua frota de ve\u00edculos, possuindo desde o ve\u00edculo mais cl\u00e1ssico e tradicional ao mais moderno e inovador. Caso n\u00e3o tenha viatura pr\u00f3pria, pode tamb\u00e9m requisitar as nossas viaturas de acompanhamento,&#8230; <\/p>\n<div class=\"read-more navbutton\"><a href=\"https:\/\/www.casacristao.com\/?page_id=2\">Read More<i class=\"fa fa-angle-double-right\"><\/i><\/a><\/div>\n<p>&#8230; <\/p>\n<div class=\"read-more navbutton\"><a href=\"https:\/\/www.casacristao.com\/?page_id=2\">Read More<i class=\"fa fa-angle-double-right\"><\/i><\/a><\/div>\n","protected":false},"author":1,"featured_media":0,"parent":0,"menu_order":0,"comment_status":"open","ping_status":"closed","template":"page-templates\/full-width.php","meta":{"footnotes":""},"class_list":["post-2","page","type-page","status-publish","hentry"],"_links":{"self":[{"href":"https:\/\/www.casacristao.com\/index.php?rest_route=\/wp\/v2\/pages\/2","targetHints":{"allow":["GET"]}}],"collection":[{"href":"https:\/\/www.casacristao.com\/index.php?rest_route=\/wp\/v2\/pages"}],"about":[{"href":"https:\/\/www.casacristao.com\/index.php?rest_route=\/wp\/v2\/types\/page"}],"author":[{"embeddable":true,"href":"https:\/\/www.casacristao.com\/index.php?rest_route=\/wp\/v2\/users\/1"}],"replies":[{"embeddable":true,"href":"https:\/\/www.casacristao.com\/index.php?rest_route=%2Fwp%2Fv2%2Fcomments&post=2"}],"version-history":[{"count":3,"href":"https:\/\/www.casacristao.com\/index.php?rest_route=\/wp\/v2\/pages\/2\/revisions"}],"predecessor-version":[{"id":86,"href":"https:\/\/www.casacristao.com\/index.php?rest_route=\/wp\/v2\/pages\/2\/revisions\/86"}],"wp:attachment":[{"href":"https:\/\/www.casacristao.com\/index.php?rest_route=%2Fwp%2Fv2%2Fmedia&parent=2"}],"curies":[{"name":"wp","href":"https:\/\/api.w.org\/{rel}","templated":true}]}}